 -4*y + 3. Let b(u) = 3*u - 2. Let z(g) = -6*b(g) - 4*c(g). Let p be 6/(-11) + ((-936)/99 - -9). Give z(p).
2
Let d(t) = t + 28. Let g(v) = 9*v**2 - 38*v + 24. Let y be g(3). Determine d(y).
19
Let o(m) = -m**2 + 3*m + 7. Let d be ((-9)/6)/(2/36). Let g be (-16)/4 + 8 - d. Suppose -2*x - 3*x - 3*s + g = 0, -3*x + 5*s = -5. Calculate o(x).
-3
Let r(v) = 4 + 6 - 4*v - 9 + 11. Let x(a) = 2*a - 6. Let h = 8 + -11. Let s(z) = h*r(z) - 5*x(z). Determine s(6).
6
Let t(r) = 5*r + 1. Let s(v) = v**2 + 15*v - 14. Suppose -3*u + 0*u = 48. Let c be s(u). Suppose k + c = 2*d, k - 10 = -3*d - k. What is t(d)?
11
Let i(x) = x + 2. Let h be i(-2). Suppose -5 = n - h. Let w(r) = -2616*r + 5543*r - 3 - 2925*r + r**2. Determine w(n).
12
Let v(k) = 6*k - 1. Let o(l) = 15*l**2 + 7*l - 18. Let n be o(3). Suppose n*t = 137*t + 2. What is v(t)?
11
Let r(c) = -c**2 - 13*c - 9. Let o be r(-13). Let g be -1 - (o - (3 - 6)). Let d(i) = -g*i**2 + 1 + 1 + i**3 - i + 4*i - i. Calculate d(4).
-6
Let a(n) = 14*n - 2. Suppose 5*t + 0*t = 3*s + 84, 0 = t + 3*s - 24. Let g be (-2 + 2/(-2))/(t/(-24)). Give a(g).
54
Let s(o) = o**2 + 11*o + 15. Suppose -g - 2*d + 2 = 0, -50*g + 45*g - 2*d - 30 = 0. What is s(g)?
-9
Let s(b) = b**2 + 9*b + 5. Let j be (-13)/(-13) - 8 - (-2 - 1) - -1. What is s(j)?
-13
Suppose -46*c + 56 - 65 = 129. Let j(t) = -5*t - 4. Let b(l) = 5*l + 4. Let n(h) = -2*b(h) - 3*j(h). Give n(c).
-11
Let k(n) = 11 - 5 - 2*n + n + 29. Let i be k(8). Let x be ((-2)/(-4))/(i/54). Let m(f) = -7*f + 1. Calculate m(x).
-6
Let z(f) be the third derivative of f**6/120 - 11*f**5/60 - f**4/2 + 5*f**3/6 - 1395*f**2. Calculate z(12).
5
Suppose 165*d + 1118 - 625 = -3137. Let i(a) = -4*a - 45. Calculate i(d).
43
Suppose 16*d = 14*d - 17*d + 285. Let f(u) = -u**2 + 19*u - 3. What is f(d)?
57
Let c(a) = -5*a. Let s(k) = -k**3 + 24*k**2 + 24. Let t be s(24). Let n = t - 23. Let f = 0 - n. Give c(f).
5
Suppose 26*w - 1242 = 3*w. Suppose c = -o - 3, w = -4*c - o + 48. Let z(r) = 10*r + 1. Let x(s) = -10*s - 1. Let j(p) = 7*x(p) + 6*z(p). Give j(c).
9
Let w(a) = -28 + 21*a + 23 - 73 - 78 - 38. Give w(9).
-5
Let u(z) = -24*z**3 - 2*z**2 - 7*z - 4. Let k be u(-1). Let t(m) = -m**3 + 24*m**2 + 23*m + 49. Calculate t(k).
-1
Let w(x) = x**2 + 5*x - 9. Let j be -5 - ((-24)/3 + 1). Let s be j/4 + (-204)/24. What is w(s)?
15
Suppose 4*k + 8 = 3*s, -22*k + 31 = -4*s - 25*k. Let a(l) = 2*l**2 + 12*l - 2. Calculate a(s).
-18
Let n(z) = 2*z**2 - 28*z + 25. Let q(p) = 4*p**2 + 573*p + 1142. Let s be q(-2). Determine n(s).
-23
Suppose 5*d + 7 - 57 = 0. Suppose 13*g - 9 = d*g. Suppose -13 = 8*v + g. Let y(n) = 4*n + 1. Calculate y(v).
-7
Let x(p) = -p**2 + 10*p + 118. Suppose -366*q + 368*q = -14. Calculate x(q).
-1
Let u(h) = h**3 + 12 + 295210*h - 6*h**2 + 0*h**3 - 295220*h. Calculate u(7).
-9
Let l(w) = 1563*w + 39 - 12 - 1565*w. What is l(9)?
9
Let k(s) = -1. Let v(m) = -493 + 4*m - 3*m + m**2 + 501. Let w(l) = 5*k(l) + v(l). Calculate w(-3).
9
Let n(v) = -22 + 4209*v - 2105*v - 2107*v. Determine n(-7).
-1
Let p be ((-612)/(-10))/(4/10) + -1. Let d(a) = -4 + p*a + 2*a**2 - 154*a - 4*a**2 + a**2. Calculate d(-2).
-4
Suppose -13 = 5*i + 12. Let w(g) be the first derivative of -g**4/24 - 5*g**3/6 - 3*g**2/2 + g - 36. Let h(v) be the second derivative of w(v). Give h(i).
0
Let h(v) = -7*v - 10. Let u(f) = -16*f - 20. Let w(r) = 9*h(r) - 4*u(r). Let b(o) = -2*o + 8. Let z be b(-9). Suppose 4*a + 6 = z. What is w(a)?
-5
Suppose -2 = 2*x - 22. Let f(k) = 1 + 1 - x + 0 + k. Let d(l) = 103*l - 2987. Let b be d(29). Give f(b).
-8
Let o(w) = w - 1. Let z(y) = 3*y + 8. Suppose s = 3*g - 1, -3*g = -3*s + 30 - 3. Let v be 6/4*(s - 16). Let k be z(v). Calculate o(k).
-2
Let w(p) = -8226*p + 16 - p**2 + 8235*p + 27. Determine w(-4).
-9
Let w(k) = -k**2 - k + 7. Suppose 138 = -12*i + 114. What is w(i)?
5
Let f be -13 + (-60)/(-12)*2. Let u(z) = 3*z + 7. Give u(f).
-2
Let i(k) = k**2 + 5*k + 12. Let v = 2649 - 2655. Give i(v).
18
Let d(z) = z**2 - 5*z - 6. Let g be d(8). Suppose 3*q - 3*b = 21, -5*q = 2*b - 17 - g. Let i(w) = w**2 - 7*w - 2. Calculate i(q).
-2
Suppose 0 = 5*h - 5*g - 10, 0 = 4*h + 4*g - 2*g + 10. Let j(x) = x**3 - x**2 - x. Let b(a) = 5*a**3 - a**2 - 3*a - 1. Let k(v) = b(v) - j(v). Give k(h).
-3
Let h(a) = -a**2 - 11*a + 3. Let b be h(-10). Suppose -b - 22 = 7*l. Let o(u) be the first derivative of -u**4/4 - 5*u**3/3 + u**2/2 + 2*u + 5. What is o(l)?
-3
Let f(d) = 100*d**2 + 360*d - 69. Let a(h) = -19*h**2 - 71*h + 14. Let i(y) = -11*a(y) - 2*f(y). What is i(-7)?
-2
Let s be 8/6*-1*3. Let p(x) = 7*x + 39. Let y(m) = -3*m - 15. Let o(h) = 2*p(h) + 5*y(h). Determine o(s).
7
Let a(n) = -3*n + 3*n + 3*n + 0*n + 1. Let j be ((-3)/6*0)/(-1). Suppose 0 = -4*g - 2*y + 20, 2*g - g + 5*y - 23 = j. Give a(g).
10
Let s(d) = 31*d - 16*d - 49 - 17*d + 53. Suppose 26 - 8 = 3*f. Suppose 0 = -i, -2*q + f = i - 3*i. What is s(q)?
-2
Let d = 46 + -30. Suppose -4*q + d = 5*h, -5*q - 4*h + 16 = -q. Let m(o) = 3 - o**3 + 558*o**2 - 218*o**2 - 336*o**2. What is m(q)?
3
Let v(s) be the first derivative of s**4/4 - 5*s**3/3 - 3*s**2/2 - 8*s + 106. Let r(o) = 2*o - 6*o + o + 4*o + 5*o**2. Let k be r(1). What is v(k)?
10
Let d(n) = n**2 - 12*n - 49. Let s = -137 - -152. Let l be d(s). Let v(f) = -4*f + 1. Let b(i) = -9*i + 3. Let q(j) = 2*b(j) - 5*v(j). What is q(l)?
-7
Let c(v) be the third derivative of v**6/120 - 3*v**5/10 - 3*v**4/4 - 17*v**3/6 - 2*v**2 - 1838. Determine c(19).
2
Let m be (-5 - (-12)/4)*(29 - 28). Let f(o) = 9*o**3 + 3*o**2 + o - 1. Determine f(m).
-63
Let t(o) be the first derivative of -o**3/3 + 5*o**2 - 11*o - 901. What is t(7)?
10
Let x(t) = -7*t**2 + 20 - 8*t**2 + 1602*t**3 - 1601*t**3 - t. Suppose -5*c - o + 75 = 0, -c - 5*o - 7 = -22. Give x(c).
5
Let r(x) = x**3 - 3*x**2 + 9*x + 51. Let d be r(7). Let c = d - 316. Let z(f) = -f**3 - 7*f**2 - 5*f - 9. Calculate z(c).
-15
Let k(z) = z**3 + 3*z**2 + 4*z - 2. Suppose 5*b - 270 = -5*y, 4*y + b - 143 = 67. Suppose y = 10*t + 72. What is k(t)?
-6
Let m be 4 + 10/(-5) - -3. Suppose -5*l + 2*l - 2*t = -4, 0 = 2*l + 3*t - 6. Let c(f) = l*f - 2*f + 0 - 4 + 11. Calculate c(m).
-3
Let k(q) = -2*q**3 + 9*q**2 - 2*q - 4. Let b be k(4). Let d(j) = -j - 7 - 8 - b + 38 - 13. Give d(-11).
17
Suppose -4*i - 3 = -i, 0 = -2*y - i + 5. Let h be (-280)/(-30)*y/2. Let p be h/(-7) - (5 + -1). Let d(t) = -t**2 - 7*t + 7. Give d(p).
13
Let x(a) = -7*a + 56. Let v(b) = 3*b - 26. Let p(l) = -13*v(l) - 6*x(l). Let g(j) = -4*j - 4. Let h(q) = 2*g(q) + 3*p(q). Determine h(-4).
-6
Let h = -393 - -398. Let w(g) = 9*g**2 + g**3 - 11*g**2 - 4 + 3 - h*g**2 + 7 - 10*g. Calculate w(8).
-10
Suppose -1095 = 10*u + 7045. Let i = u - -828. Let x(n) = n**2 - 12*n - 24. Calculate x(i).
4
Suppose -5*z + 8*z = -5*q + 24, z = q - 16. Let j(k) = -k**3 + 8*k**2 + 10*k + 6. Determine j(q).
15
Let j(y) = -y**2 + 5*y + 2. Let l be j(22). Let h = -369 - l. Let n(x) = x**3 - 4*x**2 + 2*x + 3. Determine n(h).
0
Let z(q) = 7*q - 5. Let t be 2/((-16)/24)*-245*1. Let p = t - 728. Give z(p).
44
Let s(b) = -3*b**3 + 22*b**2 - 17*b - 15. Let c(q) = 4*q**3 - 32*q**2 + 25*q + 22. Let m(k) = 5*c(k) + 7*s(k). Suppose 0 = 3*y - 5*y - 12. What is m(y)?
-31
Let k = -144 + 138. Let v(u) = -11*u - 10. Let x(d) = -6*d - 5. Let s(z) = 6*v(z) - 13*x(z). Let n(l) = 25*l + 11. Let b(t) = k*n(t) + 13*s(t). Determine b(-2).
-13
Let v(y) = -27*y + 9. Let p be (0 + 5/(-10))*(-450)/(-75). What is v(p)?
90
Let g be 6/15 - 54/10. Let k = 75 - 71. Let p(j) = -j + j**2 + 5 - 23 + k*j + 14. Determine p(g).
6
Suppose -3*w = 3*j + 3, 3*j + 0*w = 2*w + 22. Let g(r) = -j*r - 3 - 2*r - 2 + 7*r. Let p be 30/9*6/4. Calculate g(p).
0
Suppose -235*d + 600 - 84 = 23*d. Let z(m) = 31*m + 1. What is z(d)?
63
Suppose 5*i + 142 = -4*c, -5*c + 138 = -5*i + 383. Let h(g) = g**2 + 50*g + 306. What is h(c)?
5
Let v be (-16)/6*(1/4 - 1). Let x(u) = 20*u + 2*u**3 - 3*u**3 + 7*u**v - 8 + 17 - 13*u. Suppose 5*p = 3*w + 34, 0 = p + 5*w - 27 + 9. What is x(p)?
1
Let c(q) = 2*q**2 - 4595*q - 23028. Let i be c(-5). Let s(h) = h - 1. Let t(z) = 8*z - 4. Let p(k) = -5*s(k) + t(k). What is p(i)?
-8
Let r(f) = -5*f - 1. Suppose 34*j + 62 + 85 = -15*j. Determine r(j).
14
Let z(r) be the second derivative of -r**7/2520 + r**6/72 - r**5/10 - 9*r**4 + 122*r.